{"id":20,"date":"2020-01-30T17:04:38","date_gmt":"2020-01-30T11:04:38","guid":{"rendered":"http:\/\/10.10.12.242\/agroindustria\/?post_type=product&#038;p=20"},"modified":"2023-07-13T03:53:57","modified_gmt":"2023-07-12T21:53:57","slug":"tanques-para-exteriores","status":"publish","type":"product","link":"https:\/\/rotoplas.com.ar\/agroindustria\/producto\/tanques-para-exteriores\/","title":{"rendered":"Tanques para exteriores"},"content":{"rendered":"<div class=\"p-3\" style=\"width: 100%; max-width: 900px; min-width: 350px; margin: auto;\">\n<h3 class=\"light blue5\">Capacidad y resistencia a gran escala<\/h3>\n<p>Los Tanques Verticales Para Exteriores Rotoplas, fabricados en polietileno de alta densidad, ofrecen diversas capacidades de almacenamiento que van desde lo 5,000 hasta los 25,000 litros.<\/p>\n<p>Estos tanques Rotoplas disponibles en color negro, cuentan con protecci\u00f3n UV. Estos tanques almacenan sustancias qu\u00edmicas densas y corrosivas ya que son fabricados con polietileno de alta densidad, lo que los hace ligeros, de grado alimenticio, resistentes y no genera olor ni sabor al producto que se almacene.<\/p>\n<p>Estos tinacos son f\u00e1ciles de instalar conexiones de carga y descarga de producto seg\u00fan la necesidad.<\/p>\n<\/div>\n","protected":false},"excerpt":{"rendered":"<ul>\n<li>No genera olor ni sabor al producto que se almacene<\/li>\n<li>Fabricados con polietileno de alta densidad<\/li>\n<li>Su instalaci\u00f3n es f\u00e1cil y sencilla<\/li>\n<li>Reforzamiento Est\u00e1ndar: densidad hasta 1.20 kg\/md3<\/li>\n<li>Reforzamiento 40%: densidad de hasta 1.90 kg\/md<\/li>\n<\/ul>\n<div><!--<a id=\"cotizacion-exteriores\" class=\"hvr-float\">Cotizar el m\u00edo<\/a>--><br \/>\n<a class=\"rtp-btn\" data-fancybox=\"\" data-src=\"#form-wrapper\">Cotizar el m\u00edo<\/a><\/div>\n<hr \/>\n<p>Descargables<\/p>\n<p><span id=\"001\" class=\"rtp-btn-grey\">Manual<\/span>\u00a0\u00a0<span id=\"002\" class=\"rtp-btn-grey\">Ficha t\u00e9cnica<\/span><\/p>\n<p><!-- <a id=\"001\" class=\"rtp-btn-outline\" style=\"cursor: pointer;\" href=\"http:\/\/10.10.12.242\/agroindustria\/wp-content\/uploads\/Manual-de-Instalacion-Tanques-Verticales.pdf\" target=\"blank\" rel=\"noopener noreferrer\">Manual<\/a> &nbsp;&nbsp; <a id=\"002\" class=\"rtp-btn-outline\" href=\"http:\/\/10.10.12.242\/agroindustria\/rtp-resources\/ficha-tecnica\/tanques-ficha-tecnica.pdf\">Ficha t\u00e9cnica<\/a> --><\/p>\n<hr \/>\n","protected":false},"featured_media":693,"template":"","meta":[],"product_brand":[],"product_cat":[17],"product_tag":[],"class_list":{"0":"post-20","1":"product","2":"type-product","3":"status-publish","4":"has-post-thumbnail","6":"product_cat-almacenamiento","8":"first","9":"instock","10":"shipping-taxable","11":"product-type-simple"},"yoast_head":"<!-- This site is optimized with the Yoast SEO plugin v27.2 - https:\/\/yoast.com\/product\/yoast-seo-wordpress\/ -->\n<title>Tanques de agua para exteriores<\/title>\n<meta name=\"description\" content=\"Tanques de agua exteriores: protecci\u00f3n UV contra los rayos del sol para mantener seguro su contenido. Una excelente opci\u00f3n. Conoce m\u00e1s.\" \/>\n<meta name=\"robots\" content=\"index, follow, max-snippet:-1, max-image-preview:large, max-video-preview:-1\" \/>\n<link rel=\"canonical\" href=\"https:\/\/rotoplas.com.ar\/agroindustria\/producto\/tanques-para-exteriores\/\" \/>\n<meta property=\"og:locale\" content=\"es_ES\" \/>\n<meta property=\"og:type\" content=\"article\" \/>\n<meta property=\"og:title\" content=\"Tanques de agua para exteriores\" \/>\n<meta property=\"og:description\" content=\"Tanques de agua exteriores: protecci\u00f3n UV contra los rayos del sol para mantener seguro su contenido. Una excelente opci\u00f3n. Conoce m\u00e1s.\" \/>\n<meta property=\"og:url\" content=\"https:\/\/rotoplas.com.ar\/agroindustria\/producto\/tanques-para-exteriores\/\" \/>\n<meta property=\"og:site_name\" content=\"Rotoplas Agroindustria\" \/>\n<meta property=\"article:modified_time\" content=\"2023-07-12T21:53:57+00:00\" \/>\n<meta property=\"og:image\" content=\"https:\/\/rotoplas.com.ar\/agroindustria\/wp-content\/uploads\/2020\/05\/tanque-v-ngo-fam.png\" \/>\n\t<meta property=\"og:image:width\" content=\"600\" \/>\n\t<meta property=\"og:image:height\" content=\"600\" \/>\n\t<meta property=\"og:image:type\" content=\"image\/png\" \/>\n<meta name=\"twitter:card\" content=\"summary_large_image\" \/>\n<meta name=\"twitter:label1\" content=\"Tiempo de lectura\" \/>\n\t<meta name=\"twitter:data1\" content=\"1 minuto\" \/>\n<script type=\"application\/ld+json\" class=\"yoast-schema-graph\">{\"@context\":\"https:\/\/schema.org\",\"@graph\":[{\"@type\":\"WebPage\",\"@id\":\"https:\/\/rotoplas.com.ar\/agroindustria\/producto\/tanques-para-exteriores\/\",\"url\":\"https:\/\/rotoplas.com.ar\/agroindustria\/producto\/tanques-para-exteriores\/\",\"name\":\"Tanques de agua para exteriores\",\"isPartOf\":{\"@id\":\"https:\/\/rotoplas.com.ar\/agroindustria\/#website\"},\"primaryImageOfPage\":{\"@id\":\"https:\/\/rotoplas.com.ar\/agroindustria\/producto\/tanques-para-exteriores\/#primaryimage\"},\"image\":{\"@id\":\"https:\/\/rotoplas.com.ar\/agroindustria\/producto\/tanques-para-exteriores\/#primaryimage\"},\"thumbnailUrl\":\"https:\/\/rotoplas.com.ar\/agroindustria\/wp-content\/uploads\/2020\/05\/tanque-v-ngo-fam.png\",\"datePublished\":\"2020-01-30T11:04:38+00:00\",\"dateModified\":\"2023-07-12T21:53:57+00:00\",\"description\":\"Tanques de agua exteriores: protecci\u00f3n UV contra los rayos del sol para mantener seguro su contenido. Una excelente opci\u00f3n. Conoce m\u00e1s.\",\"breadcrumb\":{\"@id\":\"https:\/\/rotoplas.com.ar\/agroindustria\/producto\/tanques-para-exteriores\/#breadcrumb\"},\"inLanguage\":\"es\",\"potentialAction\":[{\"@type\":\"ReadAction\",\"target\":[\"https:\/\/rotoplas.com.ar\/agroindustria\/producto\/tanques-para-exteriores\/\"]}]},{\"@type\":\"ImageObject\",\"inLanguage\":\"es\",\"@id\":\"https:\/\/rotoplas.com.ar\/agroindustria\/producto\/tanques-para-exteriores\/#primaryimage\",\"url\":\"https:\/\/rotoplas.com.ar\/agroindustria\/wp-content\/uploads\/2020\/05\/tanque-v-ngo-fam.png\",\"contentUrl\":\"https:\/\/rotoplas.com.ar\/agroindustria\/wp-content\/uploads\/2020\/05\/tanque-v-ngo-fam.png\",\"width\":600,\"height\":600,\"caption\":\"tanques verticales rotoplas\"},{\"@type\":\"BreadcrumbList\",\"@id\":\"https:\/\/rotoplas.com.ar\/agroindustria\/producto\/tanques-para-exteriores\/#breadcrumb\",\"itemListElement\":[{\"@type\":\"ListItem\",\"position\":1,\"name\":\"Portada\",\"item\":\"https:\/\/rotoplas.com.ar\/agroindustria\/\"},{\"@type\":\"ListItem\",\"position\":2,\"name\":\"Tienda\",\"item\":\"https:\/\/rotoplas.com.ar\/agroindustria\/tienda\/\"},{\"@type\":\"ListItem\",\"position\":3,\"name\":\"Tanques para exteriores\"}]},{\"@type\":\"WebSite\",\"@id\":\"https:\/\/rotoplas.com.ar\/agroindustria\/#website\",\"url\":\"https:\/\/rotoplas.com.ar\/agroindustria\/\",\"name\":\"Rotoplas Agroindustria\",\"description\":\"Expertos en soluciones de almacenamiento de fluidos para la Agroindustria\",\"publisher\":{\"@id\":\"https:\/\/rotoplas.com.ar\/agroindustria\/#organization\"},\"potentialAction\":[{\"@type\":\"SearchAction\",\"target\":{\"@type\":\"EntryPoint\",\"urlTemplate\":\"https:\/\/rotoplas.com.ar\/agroindustria\/?s={search_term_string}\"},\"query-input\":{\"@type\":\"PropertyValueSpecification\",\"valueRequired\":true,\"valueName\":\"search_term_string\"}}],\"inLanguage\":\"es\"},{\"@type\":\"Organization\",\"@id\":\"https:\/\/rotoplas.com.ar\/agroindustria\/#organization\",\"name\":\"Rotoplas\",\"url\":\"https:\/\/rotoplas.com.ar\/agroindustria\/\",\"logo\":{\"@type\":\"ImageObject\",\"inLanguage\":\"es\",\"@id\":\"https:\/\/rotoplas.com.ar\/agroindustria\/#\/schema\/logo\/image\/\",\"url\":\"http:\/\/10.10.12.242\/agroindustria\/wp-content\/uploads\/2021\/04\/00-Los_mejores_tanques_segun_tus_necesidades-1.jpg\",\"contentUrl\":\"http:\/\/10.10.12.242\/agroindustria\/wp-content\/uploads\/2021\/04\/00-Los_mejores_tanques_segun_tus_necesidades-1.jpg\",\"width\":1200,\"height\":700,\"caption\":\"Rotoplas\"},\"image\":{\"@id\":\"https:\/\/rotoplas.com.ar\/agroindustria\/#\/schema\/logo\/image\/\"}}]}<\/script>\n<!-- \/ Yoast SEO plugin. -->","yoast_head_json":{"title":"Tanques de agua para exteriores","description":"Tanques de agua exteriores: protecci\u00f3n UV contra los rayos del sol para mantener seguro su contenido. Una excelente opci\u00f3n. Conoce m\u00e1s.","robots":{"index":"index","follow":"follow","max-snippet":"max-snippet:-1","max-image-preview":"max-image-preview:large","max-video-preview":"max-video-preview:-1"},"canonical":"https:\/\/rotoplas.com.ar\/agroindustria\/producto\/tanques-para-exteriores\/","og_locale":"es_ES","og_type":"article","og_title":"Tanques de agua para exteriores","og_description":"Tanques de agua exteriores: protecci\u00f3n UV contra los rayos del sol para mantener seguro su contenido. Una excelente opci\u00f3n. Conoce m\u00e1s.","og_url":"https:\/\/rotoplas.com.ar\/agroindustria\/producto\/tanques-para-exteriores\/","og_site_name":"Rotoplas Agroindustria","article_modified_time":"2023-07-12T21:53:57+00:00","og_image":[{"width":600,"height":600,"url":"https:\/\/rotoplas.com.ar\/agroindustria\/wp-content\/uploads\/2020\/05\/tanque-v-ngo-fam.png","type":"image\/png"}],"twitter_card":"summary_large_image","twitter_misc":{"Tiempo de lectura":"1 minuto"},"schema":{"@context":"https:\/\/schema.org","@graph":[{"@type":"WebPage","@id":"https:\/\/rotoplas.com.ar\/agroindustria\/producto\/tanques-para-exteriores\/","url":"https:\/\/rotoplas.com.ar\/agroindustria\/producto\/tanques-para-exteriores\/","name":"Tanques de agua para exteriores","isPartOf":{"@id":"https:\/\/rotoplas.com.ar\/agroindustria\/#website"},"primaryImageOfPage":{"@id":"https:\/\/rotoplas.com.ar\/agroindustria\/producto\/tanques-para-exteriores\/#primaryimage"},"image":{"@id":"https:\/\/rotoplas.com.ar\/agroindustria\/producto\/tanques-para-exteriores\/#primaryimage"},"thumbnailUrl":"https:\/\/rotoplas.com.ar\/agroindustria\/wp-content\/uploads\/2020\/05\/tanque-v-ngo-fam.png","datePublished":"2020-01-30T11:04:38+00:00","dateModified":"2023-07-12T21:53:57+00:00","description":"Tanques de agua exteriores: protecci\u00f3n UV contra los rayos del sol para mantener seguro su contenido. Una excelente opci\u00f3n. Conoce m\u00e1s.","breadcrumb":{"@id":"https:\/\/rotoplas.com.ar\/agroindustria\/producto\/tanques-para-exteriores\/#breadcrumb"},"inLanguage":"es","potentialAction":[{"@type":"ReadAction","target":["https:\/\/rotoplas.com.ar\/agroindustria\/producto\/tanques-para-exteriores\/"]}]},{"@type":"ImageObject","inLanguage":"es","@id":"https:\/\/rotoplas.com.ar\/agroindustria\/producto\/tanques-para-exteriores\/#primaryimage","url":"https:\/\/rotoplas.com.ar\/agroindustria\/wp-content\/uploads\/2020\/05\/tanque-v-ngo-fam.png","contentUrl":"https:\/\/rotoplas.com.ar\/agroindustria\/wp-content\/uploads\/2020\/05\/tanque-v-ngo-fam.png","width":600,"height":600,"caption":"tanques verticales rotoplas"},{"@type":"BreadcrumbList","@id":"https:\/\/rotoplas.com.ar\/agroindustria\/producto\/tanques-para-exteriores\/#breadcrumb","itemListElement":[{"@type":"ListItem","position":1,"name":"Portada","item":"https:\/\/rotoplas.com.ar\/agroindustria\/"},{"@type":"ListItem","position":2,"name":"Tienda","item":"https:\/\/rotoplas.com.ar\/agroindustria\/tienda\/"},{"@type":"ListItem","position":3,"name":"Tanques para exteriores"}]},{"@type":"WebSite","@id":"https:\/\/rotoplas.com.ar\/agroindustria\/#website","url":"https:\/\/rotoplas.com.ar\/agroindustria\/","name":"Rotoplas Agroindustria","description":"Expertos en soluciones de almacenamiento de fluidos para la Agroindustria","publisher":{"@id":"https:\/\/rotoplas.com.ar\/agroindustria\/#organization"},"potentialAction":[{"@type":"SearchAction","target":{"@type":"EntryPoint","urlTemplate":"https:\/\/rotoplas.com.ar\/agroindustria\/?s={search_term_string}"},"query-input":{"@type":"PropertyValueSpecification","valueRequired":true,"valueName":"search_term_string"}}],"inLanguage":"es"},{"@type":"Organization","@id":"https:\/\/rotoplas.com.ar\/agroindustria\/#organization","name":"Rotoplas","url":"https:\/\/rotoplas.com.ar\/agroindustria\/","logo":{"@type":"ImageObject","inLanguage":"es","@id":"https:\/\/rotoplas.com.ar\/agroindustria\/#\/schema\/logo\/image\/","url":"http:\/\/10.10.12.242\/agroindustria\/wp-content\/uploads\/2021\/04\/00-Los_mejores_tanques_segun_tus_necesidades-1.jpg","contentUrl":"http:\/\/10.10.12.242\/agroindustria\/wp-content\/uploads\/2021\/04\/00-Los_mejores_tanques_segun_tus_necesidades-1.jpg","width":1200,"height":700,"caption":"Rotoplas"},"image":{"@id":"https:\/\/rotoplas.com.ar\/agroindustria\/#\/schema\/logo\/image\/"}}]}},"_links":{"self":[{"href":"https:\/\/rotoplas.com.ar\/agroindustria\/wp-json\/wp\/v2\/product\/20","targetHints":{"allow":["GET"]}}],"collection":[{"href":"https:\/\/rotoplas.com.ar\/agroindustria\/wp-json\/wp\/v2\/product"}],"about":[{"href":"https:\/\/rotoplas.com.ar\/agroindustria\/wp-json\/wp\/v2\/types\/product"}],"wp:featuredmedia":[{"embeddable":true,"href":"https:\/\/rotoplas.com.ar\/agroindustria\/wp-json\/wp\/v2\/media\/693"}],"wp:attachment":[{"href":"https:\/\/rotoplas.com.ar\/agroindustria\/wp-json\/wp\/v2\/media?parent=20"}],"wp:term":[{"taxonomy":"product_brand","embeddable":true,"href":"https:\/\/rotoplas.com.ar\/agroindustria\/wp-json\/wp\/v2\/product_brand?post=20"},{"taxonomy":"product_cat","embeddable":true,"href":"https:\/\/rotoplas.com.ar\/agroindustria\/wp-json\/wp\/v2\/product_cat?post=20"},{"taxonomy":"product_tag","embeddable":true,"href":"https:\/\/rotoplas.com.ar\/agroindustria\/wp-json\/wp\/v2\/product_tag?post=20"}],"curies":[{"name":"wp","href":"https:\/\/api.w.org\/{rel}","templated":true}]}}